) = -p**3 + 8*p**2 - 10*p - 18. Calculate q(6).
-6
Let s(f) = f**2 - 17*f + 9. What is s(17)?
9
Let s(v) = 2*v + 67. What is s(-33)?
1
Let s(a) = -2*a - 3. Determine s(6).
-15
Let t(c) = -c**3 - c**2 - 6*c + 14. What is t(0)?
14
Let h(g) = -g**3 - 15*g**2 + 34*g - 5. Give h(-17).
-5
Let q(a) = 16*a**2. Determine q(1).
16
Let t(z) = -4*z + 15. Give t(6).
-9
Let i(r) = -2*r**2 + 4*r + 3. What is i(3)?
-3
Let h(j) = j**3 + 2*j - 3. Calculate h(0).
-3
Let b(t) = t**3 - 9*t**2 + 6*t + 9. Give b(8).
-7
Let n(b) = -b**3 + 9*b - 15. Determine n(2).
-5
Let v(p) = 10*p + 1. Determine v(2).
21
Let v(l) = l**3 - 17*l**2 + 21*l - 61. Determine v(16).
19
Let q(d) = -10*d + 3. Give q(-4).
43
Let x(o) = -o**2 - 10*o - 2. Give x(-10).
-2
Let o(j) = -2*j**3 + 22*j**2 - 3*j + 16. What is o(11)?
-17
Let x(w) = -w + 7. What is x(5)?
2
Let t(v) = -4*v + 130. Give t(32).
2
Let q(h) = h**2 + 2*h + 4. What is q(-3)?
7
Let u(n) = -n**3 + 9*n**2 + 9*n + 12. Give u(10).
2
Let m(c) = -2*c**2 + 3*c + 56. Calculate m(-5).
-9
Let i(j) = -j**3 - 14*j**2 + 3*j + 14. Give i(-14).
-28
Let k(j) = j**3 - 6*j + 38. Give k(0).
38
Let c(s) = 5*s - 86. Calculate c(18).
4
Let j(a) = -a**3 - 2*a**2 - a + 5. Give j(4).
-95
Let c(x) = 13*x - 66. Give c(5).
-1
Let a(r) = 58*r + 3. Determine a(1).
61
Let n(s) = -s**3 + 3*s**2 + s - 9. What is n(0)?
-9
Let x(w) = -w + 10. Determine x(7).
3
Let y(n) = -27*n - 61. Determine y(-4).
47
Let a(p) = -4*p + 2. Give a(2).
-6
Let k(q) = -2*q**2 - 8*q + 10. Calculate k(-6).
-14
Let f(r) = -r**3 - 9*r**2 - 5*r - 39. What is f(-9)?
6
Let a(r) = 2*r + 33. Calculate a(-19).
-5
Let q(v) = 5*v + 65. What is q(-21)?
-40
Let i(f) = -8*f**2 - 5*f - 1. What is i(-1)?
-4
Let x(g) = -6*g - 12. What is x(-4)?
12
Let b(s) = -4*s**2 + 2*s - 1. What is b(1)?
-3
Let v(k) = k**3 - k**2 - 62. What is v(0)?
-62
Let u(l) = l**2 + 14*l + 3. What is u(-16)?
35
Let d(g) = -5*g + 24. Give d(6).
-6
Let y(a) = a**2 - 14*a + 40. Calculate y(8).
-8
Let g(m) = 15*m + 7. Determine g(-1).
-8
Let r(y) = -y + 23. Determine r(-21).
44
Let h(k) = -k**2 + 20*k - 41. Determine h(17).
10
Let c(j) = j**2 + 5*j - 1. Give c(-6).
5
Let m(p) = -p**3 + 2*p**2 - 4*p + 8. Determine m(4).
-40
Let j(f) = -5*f**2 - 5*f + 17. Determine j(-4).
-43
Let u(p) = 2*p - 34. What is u(14)?
-6
Let z(w) = -w**3 + 3*w - 5. What is z(0)?
-5
Let c(q) = q**3 + 6*q**2 + 6*q + 1. Determine c(-4).
9
Let m(y) = y**3 - 5*y**2 - 3*y + 5. Determine m(5).
-10
Let c(x) = -x**3 + 7*x**2 - 4*x - 4. Determine c(6).
8
Let q(t) = t**2 - 9*t - 246. What is q(19)?
-56
Let x(r) = -5*r - 6. Determine x(-7).
29
Let q(j) = -3*j + 21. Give q(5).
6
Let m(g) = 12*g - 33. Calculate m(3).
3
Let w(c) = 9*c**2 + 9*c - 16. Calculate w(2).
38
Let l(x) = -3*x + 7. Determine l(5).
-8
Let i(n) = -27*n - 162. Determine i(-6).
0
Let n(h) = h**3 + 6*h**2 - 3*h - 3. Give n(-3).
33
Let j(n) = 2*n + 5. Calculate j(-4).
-3
Let l(k) = k**2 - 6*k - 1. Determine l(7).
6
Let c(q) = 7*q - 46. What is c(7)?
3
Let a(k) = -k**3 + 3*k**2 + 22*k - 25. Give a(6).
-1
Let c(n) = 35*n - 185. What is c(6)?
25
Let i(u) = u**3 + 11*u**2 + 13*u - 41. Determine i(-9).
4
Let u(z) = 12*z + 321. Give u(-27).
-3
Let a(i) = 5*i**2 + 3*i + 3. Determine a(-3).
39
Let y(s) = -s**3 + s**2 + s - 1. What is y(3)?
-16
Let w(r) = 39*r**2 - 2*r + 2. Determine w(2).
154
Let x(p) = -p - 31. Give x(-14).
-17
Let n(b) = 9*b**2 + 3*b - 2. Give n(2).
40
Let o(l) = -l**3 + 6*l**2 + 3*l + 3. Calculate o(6).
21
Let u(t) = -t**2 - 10*t + 20. Give u(-12).
-4
Let o(j) = j**3 - 4*j + 2. Determine o(-3).
-13
Let c(z) = -10*z + 17. What is c(8)?
-63
Let y(m) = -8*m - 11. Give y(-5).
29
Let q(t) = t**2 - 32*t - 71. Give q(34).
-3
Let a(o) = o**3 - 17*o**2 + 20*o - 11. Calculate a(16).
53
Let z(g) = -19*g + 22. Give z(-2).
60
Let a(y) = -3*y**2 - 11*y + 3. Give a(-2).
13
Let s(f) = f + 7. Give s(10).
17
Let n(o) = -o + 36. What is n(17)?
19
Let v(k) = 4*k - 17. What is v(5)?
3
Let u(a) = -a**3 + 5*a - 2. Determine u(-4).
42
Let s(m) = -24*m + 68. Give s(3).
-4
Let j(u) = u**2 - 4*u - 1. What is j(5)?
4
Let r(j) = -j**2 + 11*j - 2. Give r(5).
28
Let f(o) = -o**3 - 24*o**2 - 3*o - 98. What is f(-24)?
-26
Let y(m) = -m - 6. Calculate y(-3).
-3
Let b(h) = -h**3 + h**2. What is b(-2)?
12
Let u(s) = 3*s**2 + 20*s - 3. Determine u(-7).
4
Let p(f) = -f**2 + 6*f. Give p(7).
-7
Let z(b) = 10*b + 1. Calculate z(3).
31
Let a(v) = -20*v + 328. Give a(16).
8
Let y(z) = 4*z - 2. Calculate y(-16).
-66
Let u(h) = -h**2 + h + 296. Calculate u(-17).
-10
Let a(c) = -6*c + 7. Determine a(5).
-23
Let q(k) = -13*k + 39. Give q(9).
-78
Let m(j) = j**3 + j**2 + j - 93. Give m(0).
-93
Let a(t) = -t**2 - 5*t - 6. Calculate a(-4).
-2
Let j(p) = -3*p**2 - 11*p - 15. Calculate j(-6).
-57
Let u(f) = -3*f**3 - 4*f**2 - 3*f - 1. Give u(-2).
13
Let x(g) = g**3 - 8*g**2 + 9*g + 17. What is x(6)?
-1
Let w(g) = g**2 - 10*g + 5. What is w(9)?
-4
Let s(w) = -6*w - 24. Determine s(-4).
0
Let g(y) = -y**3 - 76*y**2 - 217*y + 156. What is g(-73)?
10
Let l(x) = x**2 - 10*x + 15. Calculate l(7).
-6
Let q(y) = -2*y**3 - 57*y**2 - 31*y - 87. Give q(-28).
-3
Let s(q) = -2*q + 28. Give s(12).
4
Let h(u) = u**3 + 9*u**2 + 5*u + 6. Calculate h(-9).
-39
Let r(v) = -13*v**3 - v**2 + 1. What is r(-1)?
13
Let d(u) = u**2 - u + 10. Determine d(5).
30
Let i(r) = 14*r**2 - 3*r. What is i(-2)?
62
Let d(c) = -4*c**2 - 57*c + 18. Give d(-15).
-27
Let p(r) = -r**3 + 18*r**2 - 34*r + 24. Give p(16).
-8
Let s(t) = t - 7. Determine s(6).
-1
Let k(d) = -2*d**3 - 2*d**2 + 3*d + 2. Determine k(-2).
4
Let i(z) = -2*z + 2. Determine i(11).
-20
Let l(t) = -t**3 + 2*t**2 - 8*t - 1. What is l(4)?
-65
Let p(i) = 5*i + 246. Determine p(-50).
-4
Let w(q) = -q**2 + 9*q + 13. What is w(12)?
-23
Let j(o) = 16*o**3 + o**2 + 4*o + 2. Calculate j(-1).
-17
Let a(g) = -9*g + 124. What is a(10)?
34
Let r(b) = b**3 + 3*b**2 - 4*b - 4. What is r(-3)?
8
Let z(q) = -5*q - 3. Give z(-5).
22
Let w(n) = -5*n**2 + 6*n. Give w(4).
-56
Let j(h) = h**2 + 16*h + 10. Determine j(-14).
-18
Let t(i) = -i**2 + 6*i + 31. What is t(-3)?
4
Let q(p) = -p**3 + 11*p + 3. Calculate q(-5).
73
Let f(k) = 4*k + 42. What is f(-8)?
10
Let x(h) = -2*h - 8. What is x(5)?
-18
Let r(g) = -g**3 - g**2 + 118. What is r(0)?
118
Let n(k) = -10*k + 4. What is n(-4)?
44
Let p(n) = n**3 + 31*n**2 + 1. Calculate p(-31).
1
Let c(f) = -f + 27. Determine c(21).
6
Let d(p) = p**3 - 3*p - 50. Give d(0).
-50
Let o(a) = -a**3 - 7*a**2 - 12*a - 3. What is o(-4)?
-3
Let j(c) = c**3 + 13*c**2 + 33*c - 24. What is j(-9)?
3
Let x(h) = h**3 + 16*h**2 + 29*h - 30. What is x(-14)?
-44
Let d(x) = x**3 + 8*x**2 + x + 13. Give d(-6).
79
Let k(h) = h**2 + 3*h + 1. Calculate k(0).
1
Let f(z) = z**3 + 7*z**2 - 13*z - 68. Calculate f(-8).
-28
Let b(r) = r**2 - 8*r + 6. Calculate b(9).
15
Let n(i) = i**3 - 45*i**2 + i - 40. Calculate n(45).
5
Let f(j) = -j**3 - 2*j**2 - 33. Give f(-4).
-1
Let r(y) = -2*y**3 - 5*y**2 - 3*y - 1. Determine r(-3).
17
Let m(f) = 8*f - 11. Give m(-3).
-35
Let w(y) = 13*y + 170. Give w(-13).
1
Let d(a) = 18*a - 2. Calculate d(2).
34
Let r(g) = g**3 + 12*g**2 + 23*g + 26. Determine r(-10).
-4
Let a(m) = -7*m**2 - 15*m + 10. Calculate a(-3).
-8
Let i(g) = -g**2 - 2*g + 36. What is i(-6)?
12
Let h(v) = -10*v - 46. What is h(-5)?
4
Let h(t) = -3*t**2 - 5*t + 2. Give h(-5).
-48
Let u(q) = -q**3 + 5*q**2 + 4*q + 6. Give u(6).
-6
Let m(z) = 3*z + 39. Give m(-16).
-9
Let r(u) = -u**3 - 31. Calculate r(0).
-31
Let o(y) = y**2 + 11*y + 30. Calculate o(-4).
2
Let v(r) = -7*r**2 + r + 1. Give v(-1).
-7
Let a(y) = 2*y + 11. Calculate a(-10).
-9
Let l(t) = -t**2 - 28*t - 147. Determine l(-7).
0
Let n(k) = 2*k - 26. Determine n(-2).
-30
Let a(d) = 2*d**3 - 8*d**2 + 3*d + 8. Calculate a(5).
73
Let g(m) = -m**3 + 16*m**2 + 37*m - 25. What is g(18)?
-7
Let v(u) = -u**2 - 6*u - 10. Determine v(-4).
-2
Let l(p) = -21*p - 279. Give l(-14).
15
Let j(m) = -m**3 + 3*m**2 - m + 7. Determine j(3).
4
Let v(z) = 5*z**2 - 2*z. What is v(2)?
16
Let f(p) = -17*p + 13. What is f(1)?
-4
Let k(z) = z**3 + 7*z**2 + 7*z + 2. Determine k(-2).
8
Let c(k) = 3*k + 27. Calculate c(-9).
0
Let j(x) = -6*x**2 - x - 1. What is j(2)?
-27
Let p(r) = -r**2 - 5*r + 15. Give p(-7).
1
Let a(t) = t**3 + 16*t**2 + 4*t + 10. Determine a(-16).
-54
Let i(y) = -y**2 + 3*y